-5). Calculate the greatest common factor of d and w.
9
Let l(i) = 15*i - 1. Let a be l(1). Let o = a - 7. What is the greatest common divisor of 28 and o?
7
Suppose -5 = 3*z - 3*m + 7, -5*m = z - 26. Suppose 5 = b + z. Let i be (-8)/(-5)*10*2. Calculate the greatest common divisor of i and b.
4
Let j be 8/36 + (-1432)/(-36). Calculate the greatest common divisor of j and 30.
10
Suppose -25 = s - 47. Calculate the highest common factor of s and 11.
11
Let q = -18 + 10. Let y = 12 - q. What is the greatest common factor of 180 and y?
20
Let p(t) = t**3 - 15*t**2 + 16*t - 14. Let l be p(14). Let n = 274 - 162. Calculate the greatest common divisor of n and l.
14
Let f be 264/9 - 3/9. Suppose 51 = w - f. Calculate the greatest common divisor of 32 and w.
16
Let z(r) = -3*r**2 + 10*r - 2. Let g be z(3). Calculate the highest common factor of g and 19.
1
Let q(k) = 35*k**2 - 3*k + 1. Let x be q(2). What is the highest common factor of 15 and x?
15
Let m be ((-44)/77)/((-1)/7). What is the greatest common factor of 10 and m?
2
Let h(r) = r**3 - 12*r**2 + 3*r - 22. Let j be h(12). Calculate the greatest common divisor of 4 and j.
2
Let s be ((-24)/33)/(-4) + (-10997)/(-77). Calculate the greatest common factor of 13 and s.
13
Let f(m) = 77*m + 1 + 22*m + 44*m. Let i be f(1). What is the greatest common divisor of 18 and i?
18
Suppose -47 = 4*o + 45. Let h = -7 - o. What is the highest common divisor of 48 and h?
16
Let z(l) = -l**3 + 12. Let p be z(0). Calculate the greatest common divisor of p and 30.
6
Let r(m) = 16*m - 1. Let n be r(1). Let s(t) = t**2 + 8*t + 5. Let g be s(-6). Let p = g - -22. What is the greatest common factor of p and n?
15
Let d be (180/48)/((-2)/(-8)). Calculate the greatest common divisor of d and 165.
15
Let m be -1 - (-9)/1 - 1. Let v = -23 + 24. What is the greatest common factor of m and v?
1
Let t be -1 + -2 + -3 + 20. What is the greatest common factor of t and 154?
14
Suppose 1470 = 3*l - 0*l. Suppose -5*o + l + 66 = 4*p, -160 = -p + 4*o. What is the highest common divisor of p and 16?
16
Let m = 4 + 6. Let n(c) = c**2 - 10*c - 1. Let w be n(m). Let i be w - 0 - -2 - -2. Calculate the greatest common divisor of 24 and i.
3
Let s = 8 - -8. Let x(g) = g**2 - 2*g - 2. Let k be x(3). Suppose 5*p - s + k = 0. What is the highest common factor of 3 and p?
3
Suppose -5*m - 46 = -7*m. What is the highest common divisor of m and 23?
23
Let v = -5 - -11. What is the greatest common factor of 48 and v?
6
Let x = 292 - 116. Let f = -2 + 24. Calculate the highest common divisor of x and f.
22
Let j(m) = -22*m. Let r be j(-3). What is the greatest common factor of 165 and r?
33
Let r = 3 + -1. Suppose -r*f + 2 = -f. Calculate the greatest common divisor of f and 18.
2
Suppose -5*t + g + 0 = 1, -5*g + 5 = 3*t. Suppose t = 5*v - 3*y - y - 91, -4*y = 4*v - 44. Calculate the highest common divisor of 10 and v.
5
Suppose 4*a = -3*j - a + 23, 5*a - 12 = -2*j. What is the greatest common divisor of 88 and j?
11
Suppose -r = -21*r + 340. Suppose t = -2*t + 576. Let z = 328 - t. Calculate the greatest common factor of z and r.
17
Let l = -240 + 368. Let i be 6*-2*16/(-12). What is the greatest common divisor of l and i?
16
Suppose -4*l + 416 - 104 = 0. Let r be 51 - (-2 + 3/3). Calculate the greatest common divisor of r and l.
26
Let u be 9/(((-2)/10)/(-1)). Let b be ((-4)/(-3))/(6/u). Suppose 3*t + 5*v = 75, -3*t + 0*v + 69 = 3*v. What is the greatest common factor of t and b?
10
Suppose -3*l - 62 + 215 = 0. Calculate the highest common factor of 17 and l.
17
Suppose 4*x + x - 30 = 0. What is the highest common divisor of 24 and x?
6
Suppose 4*g - 35 = 9. Suppose 6*l - 61 = g. What is the highest common factor of 84 and l?
12
Suppose 5*l - 3*l = 264. What is the greatest common factor of l and 12?
12
Suppose 3*f - 3*l = -4*l + 52, 0 = -4*f - l + 68. Let g be 0 + 1/(3/(-36)). Let o be -20*(g/10 + 0). Calculate the greatest common factor of o and f.
8
Suppose 3*b = -7*b + 140. Calculate the greatest common divisor of b and 84.
14
Let p be 195 - (0 + (1 - 4)). What is the highest common divisor of 18 and p?
18
Suppose 6*q - 86 - 58 = 0. Suppose -5*z + 45 = 15. Calculate the highest common factor of q and z.
6
Let a = 22 - 19. Calculate the highest common divisor of 24 and a.
3
Let c = -57 - -66. Let b(a) = -a**3 + 7*a**2 + 7*a + 3. Let v be ((-1)/(-2))/(1/12). Let u be b(v). Calculate the highest common divisor of c and u.
9
Let t be ((-4)/2)/(-2 + 4). Let r = 0 - t. Let p = 17 - r. What is the highest common factor of 32 and p?
16
Let j = -87 + 54. Let q be j*(-2)/(-2)*-1. Suppose n = 5*m - 45, 0 = -m + 4*n + n + q. Calculate the greatest common factor of m and 64.
8
Let r(v) = -6*v**3 - 2*v**2 + 2*v + 3. Let o be r(-2). Let t be -1 + (-1*23)/1. Let d = o - t. Calculate the highest common factor of 7 and d.
7
Let s = 115 - 31. Let q(n) = 57*n**3 - 2*n**2 + n. Let k be q(1). Calculate the highest common factor of k and s.
28
Suppose -2*a + 4*a = 10. Suppose a*o - 93 = 147. Calculate the highest common divisor of o and 12.
12
Let m(y) = -y**3 - 5*y**2 + 5*y - 8. Let o be m(-6). Let p be 0 + 1*(o + -3). Let q be 3/p - 138/(-5). Calculate the greatest common factor of 3 and q.
3
Let u = 31 - 24. Let z(l) = 9*l**2 - 1. Let j be z(-2). Calculate the greatest common divisor of u and j.
7
Let m(w) = -w - 14. Let k be m(-7). Let s(o) = o**3 + 7*o**2 - 7*o + 1. Let v be s(k). Calculate the highest common divisor of v and 20.
10
Let p = -5 - -7. Suppose 0 = -p*t - 3 + 7. Let d = 2 + 2. Calculate the highest common factor of t and d.
2
Suppose 2*c - y - 2 = 9, -5*c = 3*y. Suppose 5*x - 227 = -2*u, x + 0*x - c*u = 42. What is the highest common divisor of 5 and x?
5
Let i be (1 + 15)*11/11. Calculate the highest common factor of 40 and i.
8
Suppose 0 = 4*f + 5*u - 182, 51 - 190 = -3*f - 5*u. Suppose -3*o + f = -113. What is the highest common divisor of o and 78?
26
Suppose -5*t + 113 + 137 = 0. What is the greatest common factor of 2 and t?
2
Let z(q) = -q**3 - 5*q**2 - q + 6. Let k be z(-5). What is the greatest common divisor of k and 33?
11
Let o be -1 + 0 - (-3 + 0). Let j(t) = -o - t**3 + 3 - t + t**2 + 0*t. Let n be j(0). Calculate the highest common factor of n and 4.
1
Suppose -81 = 2*r + r. Let d = 53 + r. Suppose 3*y - 3*j = 2*y + 6, -3*y = -j - d. Calculate the highest common divisor of y and 72.
9
Suppose 5*i + 25 = 0, -3*i = 3*g + 2*i + 13. What is the highest common divisor of 28 and g?
4
Let o be (1 - 3)*(-7 + -1). What is the highest common divisor of 48 and o?
16
Let r(u) be the first derivative of 9*u**2/2 - 4*u - 4. Let t be r(6). Calculate the greatest common divisor of 10 and t.
10
Let j be ((-64)/40)/((-4)/70). Suppose 0 = 4*p - 2*p - j. Calculate the highest common divisor of 126 and p.
14
Let w(m) = m - 3. Let x be w(-8). Let q = 64 - x. Let p = q + 0. Calculate the greatest common divisor of 15 and p.
15
Let v(i) = -2*i + 5. Let s be v(-5). Let d = 2 - -12. Suppose -26 = -4*c + r, 2*r = c - 4*c + d. Calculate the highest common factor of s and c.
3
Let h = -19 - 4. Let l = h + 88. Let v = l - 30. What is the highest common factor of 7 and v?
7
Let z(w) = -2*w**3 - 6*w**2 + 5*w - 3. Let j be z(-5). Suppose -3*b = -0*b - j. What is the greatest common factor of b and 8?
8
Suppose -m - 2*s + 296 = 0, m + 5*s = -0*m + 284. Calculate the highest common divisor of 38 and m.
38
Let z(l) = -l**2 - 6*l + 6. Let x be z(-6). What is the greatest common factor of 2 and x?
2
Suppose 3*x - 7*x + 16 = d, 2 = -d + 2*x. Let z(r) = 7*r - 3. Let l be z(d). Calculate the highest common factor of 25 and l.
25
Let p = -41 - -47. What is the highest common factor of 24 and p?
6
Let g = 30 - 20. What is the highest common divisor of g and 5?
5
Suppose 2*j - 3 - 1 = 0. Let m be 310 - (j/2)/(-1). Let x = m - 194. Calculate the greatest common divisor of x and 13.
13
Suppose 0 = -f - 2*h + 20, 3*h = -f + 6*h - 5. Calculate the highest common factor of 5 and f.
5
Suppose 4*l + 6 = 2*l. Let j be ((-7)/4)/(l/48). What is the greatest common divisor of j and 4?
4
Let x(c) = 4 - 2 - 1. Let k(i) = -i**2 + 4*i - 14. Let f(d) = -k(d) - 6*x(d). Let a be f(6). What is the greatest common divisor of a and 30?
10
Suppose -2*m - 75 - 85 = 0. Let x = 120 + m. Cal